he third derivative of i**4/8 + i**3/3 + 2*i**2. Determine h(z).
-7
Let f(u) = 5*u**3 + 3*u**2 + 4*u + 8. Let y be f(-3). Let d = y + 110. Let x(n) = -n**3 - 3*n**2 + 1. Let s be x(d). Let m(p) = 7*p - 3. What is m(s)?
-24
Let i(c) = 12*c**3 + 4782 + 5*c**2 - 4*c + c - 4784 - 13*c**3. Give i(4).
2
Let y(c) = -c**2 + 477. Let i(k) = k**2 - 159. Let l(x) = -7*i(x) - 2*y(x). Let r(w) be the first derivative of l(w). What is r(-1)?
10
Let w(g) be the first derivative of g**5/30 - g**4/6 + 53*g**2 + 98. Let k(y) be the second derivative of w(y). What is k(3)?
6
Let n(r) = r**2. Let y(b) = -b**2 - 2*b. Let p(v) = -3*n(v) - 2*y(v). Calculate p(8).
-32
Let o be (2178/84 + 485/(-70) + 7)*-2. Let h(c) = -c**3 - 53*c**2 - 52*c - 2. Determine h(o).
-2
Let n(l) be the third derivative of -11*l**5/60 + l**4/24 + l**3/6 - 335*l**2. Let b = 8 - 9. Determine n(b).
-11
Let r(m) = -19*m**2 + 7*m. Let s(w) = 3*w**2. Let v(k) = -r(k) - 6*s(k). Let p be 41 - 44 - (-1)/((-2)/(-88)). Let z = p - 35. What is v(z)?
-6
Let b(y) be the first derivative of -2*y**3 - 3*y**2 - 19 + 9*y + 1/4*y**4. Determine b(7).
16
Let f(z) = z**2 - 32*z - 69. Suppose 2074 = -3*s + 64*s. What is f(s)?
-1
Let h(t) = t + 21. Let i be (-6018)/(-236)*(-6)/9. Calculate h(i).
4
Let z(x) = 9*x**2 + 3*x + 3. Let h be z(0). Let m(s) = 6*s**2 - 7*s**2 - 139*s**h + 95*s**3 + 2*s**2 - 1 + s + 77*s**3. What is m(1)?
34
Let j be 16/(-88) + (-70)/(-22). Suppose 5*d - 5*f - 15 = 0, d - 2*f - j = -0*f. Let y(s) = 0*s + 6650 - s - 3324 - 2*s - 3328. What is y(d)?
-11
Let s(h) = 6*h**3 + 12*h**2 - 2*h - 1. Let g(w) = -366*w + 14637. Let j be g(40). What is s(j)?
-49
Let k(y) = 7*y**3 + 4*y**2 + 25*y - 2. Let q(b) = b**2 + 13*b. Let v(s) = k(s) - 2*q(s). Give v(2).
60
Let b(x) = -4*x**2 - 268 + 5*x**2 + 2*x + 269 + 5*x**3. Let y(d) = 4*d**3 + 2*d**2 + 2*d. Let c(a) = -3*b(a) + 4*y(a). What is c(-3)?
9
Let m(a) = 24*a + 119. Let o be m(-5). Let i(q) be the third derivative of -q**6/24 + q**3/6 - 24*q**2. What is i(o)?
6
Suppose -111*z + 113*z = 4*x + 30, -4*z + 6*x + 56 = 0. Let d(u) = -5*u + 39. Give d(z).
-16
Let k(w) = -w + 8. Let t = -42 - -63. Suppose -5*o + t = -3*c - c, o = 3*c + 13. Let x be 0 - -3*c/(-3). What is k(x)?
4
Suppose -5*g = 3*z + 65, 189*z - 186*z - 26 = 2*g. Let q(x) = -x - 20. What is q(g)?
-7
Let r(k) = 3 + 0*k**3 + 12*k - 26*k**2 + k**3 - 27*k**2 + 36*k**2. Determine r(16).
-61
Let y(t) = 2*t**2 - 55*t + 34. Let v be y(27). Let d = 11 - v. Let h(f) = 3 + 3*f**2 - 6*f - 2*f**2 + 1. Determine h(d).
-4
Let w(r) = -2*r + 11. Let l = -7077 - -7084. What is w(l)?
-3
Let n(z) = 18*z**2 + 5 + 4 - 4 - 4. Suppose -3*l + w = -21 + 15, 5*l - 4*w - 17 = 0. Determine n(l).
19
Let j(w) = w**3 - 10*w**2 - 10*w - 9. Let l be j(11). Let z(h) = 59 - l*h**3 - 3*h**2 - 2*h + 3*h**3 - 64. Let i be 24/(-60) - 44/(-10). Determine z(i).
3
Let i(a) = -a**2 + 10*a + 4. Let m(v) = -v**3 + 21*v**2 + v - 21. Let q be m(21). Suppose q = -4*f + 3*n + 24, -52 = -4*f - n - 3*n. Calculate i(f).
13
Let l be (8/(-10))/(1/60). Suppose 0 = 8*f - 10*f - x - 93, 5*x = 25. Let a = l - f. Let y(n) = -n + 1. What is y(a)?
0
Let x(l) be the second derivative of -l**4/12 - 3*l**2/2 - 31*l. Let z = 1831 + -1831. Calculate x(z).
-3
Let u(x) = -49 - 83697*x - 83690*x + 167389*x. Calculate u(24).
-1
Let h(v) be the second derivative of v**5/20 + 2*v**4/3 - 11*v**3/6 - 13*v**2/2 + 1208*v. Calculate h(-9).
5
Suppose 3*w - 216 = -39. Let l = w + -52. Let h be (-6)/(-1) + -6 + 0 + l. Let k(i) = i**3 - 7*i**2 + 2*i - 8. Determine k(h).
6
Let j(p) be the second derivative of -p**4/12 - p**3 - 3*p**2/2 + 50*p + 5. Determine j(-6).
-3
Suppose -5*t + 4*p = -p, 4*p - 8 = 2*t. Let o be t*((-12)/16)/(-3). Suppose -3*a - o = -16. Let n(y) = -y - 6. Give n(a).
-11
Let r = -586 + 582. Let a = 0 - r. Let o(i) = 2*i**2 - 3*i - 2. Calculate o(a).
18
Let u(t) be the third derivative of -t**6/120 + 2*t**5/15 + 11*t**4/24 - t**3 + 2*t**2 - 17*t + 21. Determine u(10).
-96
Let b be (3 + -1 - 2)/(6/(5 - -1)). Let r(y) = 4*y**2 - 17. Calculate r(b).
-17
Let r(p) = -2*p**2 - 5*p - 38. Let g(i) = -3*i**2 - 9*i - 79. Let x(d) = -4*g(d) + 7*r(d). Let m(c) be the first derivative of x(c). Calculate m(1).
-3
Let r = 103 - 54. Let s = -57 + r. Let t(f) = -2*f - 20. Let a be t(s). Let o(c) = -c + 5. Give o(a).
9
Let y(z) = -z + 1. Let b(r) = 29*r + 5. Let m be (-2 - 3/(-1)) + 16 + -18. Let f(h) = m*b(h) + 4*y(h). Give f(-1).
32
Let d(i) = 44 + 60*i + 67*i + 60*i - 188*i - 12. Calculate d(4).
28
Let h(v) = -v**2 - 16*v + 41. Let n be h(-22). Let t = n - -85. Let o(a) = 6*a + a**2 - 2 + 1 - 2. Determine o(t).
-3
Let m be (-4 - 147/6)/(11/198). Let a = m - -508. Let b(s) = s. Let i(u) = -3*u - 1. Let g(j) = -4*b(j) - 2*i(j). Calculate g(a).
-8
Suppose 4*o + 3*a - a - 28 = 0, 4*a = -8. Suppose -13*g = -12*g + o. Let k(b) = b**3 + 8*b**2 - b + 3. Determine k(g).
11
Let y(z) be the first derivative of z**3/3 - 9*z**2 - 2*z + 1884. Determine y(19).
17
Let p(n) be the second derivative of n**5/20 + 7*n**4/12 - 2*n**3/3 - 13*n**2/2 + 1253*n + 1. Determine p(-7).
15
Let g = -159 + 179. Let b(p) = -g - p + 2*p - p**3 - 5 - 2*p + p**2. Give b(0).
-25
Suppose 0 = 4*p - 2*l - 2*l - 40, 10 = 2*p + 3*l. Suppose 0*q - p*q = -16. Let h(t) = 42 + 7*t**2 - 43 - 4*t**q + 0*t**2. Calculate h(1).
2
Let z(k) be the third derivative of k**6/120 + k**5/10 + k**4/6 - 2*k**3/3 + 496*k**2. Suppose -2*p + 6 = 0, 3*a + a = 4*p - 36. Calculate z(a).
-28
Let g(h) = -6*h - 1. Let a = 54 + -48. Suppose 4*j - a*j = 260. Let w be (-52)/j*(-3)/(6/(-10)). What is g(w)?
-13
Let d(z) = 1532 - 36*z - 459 - 738 - 660. What is d(-9)?
-1
Let d(k) = k**2 - 7*k + 17. Let j be d(6). Suppose -17 = -j*p + 38. Let x(v) = v**3 - 6*v**2 + 6*v + 1. What is x(p)?
6
Let d(p) = 3*p + 14. Let g be d(0). Let v(a) be the first derivative of g*a - 15*a - 4 - 4 + a**2. Give v(5).
9
Let z(i) be the third derivative of -i**6/120 + i**5/10 + i**3/2 + 16*i**2. Let c be z(6). Let s be (-1)/(-2)*(3 + c). Let p(l) = -7*l - 1. Give p(s).
-22
Let n be -3 - -2*(-28)/(-8). Let v be n/(-2) + (-7 - -10). Let g(q) be the second derivative of -3*q**5/10 + q**3/6 - 32*q. What is g(v)?
-5
Suppose -19*w + 18*w + 1 = 0. Let y(t) = 6*t - 3. Let m be y(w). Let b(r) = -16 - 7*r - r**2 - r**m + 13*r**2 - 3*r. What is b(11)?
-5
Suppose 2573*c = 2574*c - 3. Let t(x) = 3*x**2 - 3*x - 2. Let l be t(-2). Let n(k) = 18 + c*k - l - 4*k + 5. Give n(-5).
12
Let y(t) = -3*t**2. Let o be 6252/(-22) + 44/242. Let f = o + 282. Determine y(f).
-12
Let g(s) be the third derivative of -s**6/120 - s**5/6 + 13*s**4/24 - 5*s**3/3 + s**2 - 2357. Calculate g(-11).
-32
Let w(t) = -2*t**3 - t**2 + 2*t + 3. Let r(j) = 5*j**3 + 10*j**2 - 11*j + 11. Let s(g) = -r(g) - 2*w(g). Determine s(-9).
1
Let u = -4050 - -24301/6. Let k(b) be the third derivative of 0 - 18*b**2 + 0*b + 5/24*b**4 + u*b**3. Calculate k(1).
6
Let a(w) be the third derivative of -w**5/60 + w**4/6 + 32*w**3/3 + 2*w**2 + 2*w. Let g be a(10). Let b(i) = i. Calculate b(g).
4
Let o(u) = u**2 + u + 2. Let c be o(-2). Suppose 0*x + c*x - 12 = 0. Let z(d) be the third derivative of d**4/8 - 2*d**3/3 - 446*d**2. Determine z(x).
5
Let r(v) = -v**3 - 13*v**2 - 2*v - 17. Let a be r(-13). Let w(m) = -12*m**2 + 13*m**2 + 0*m**3 - 2*m**3 + m**3 + a*m**3. Calculate w(1).
9
Let r = -11877 + 11880. Let v(l) = -7*l - 17. Determine v(r).
-38
Suppose -5*w + 2*q + 28 = 3, 0 = -q - 5. Let s(v) = 3 + 7*v + 0*v**3 + 0*v**2 + 6*v**2 + v**w. Suppose -13*t = 6*t + 100 - 5. Determine s(t).
-7
Let u(t) = -4*t + 45. Let k be ((-16660)/(-7140))/(1 - (76/30 + -2)). Determine u(k).
25
Let y = -168 + 267. Let l = 83 - y. Let g be ((-2)/l)/1 - 29/232. Let k(j) = j**2 - 20. Calculate k(g).
-20
Let s(x) be the second derivative of x**6/120 - x**5/12 - x**4/4 - 5*x**3/6 - 15*x**2/2 - 44*x + 1. Let b(i) be the first derivative of s(i). What is b(6)?
-5
Let u(j) = -68*j**2 - 6*j - 1. Let v(h) = -39*h**2 - 4*h - 1. Let y(t) = 4*u(t) - 7*v(t). Give y(-3).
0
Let g(n) = 2*n**2 - 10*n + 21. Let p be g(-12). Let y(h) = p*h**2 + 2*h + 2*h + 432*h**2 - 863*h**2. What is y(3)?
-6
Let k(c) = 2*c + 1. Let q be k(-1). Let a = -2 + q. Let z(w) be the second derivative of w**5/20 + w**4/3 + w**3/6 - 2*w**2 + 18277*w. What is z(a)?
2
Let i = 2399 + -2396. L